{"id":544,"date":"2019-06-06T23:24:43","date_gmt":"2019-06-06T22:24:43","guid":{"rendered":"https:\/\/pablogiordanelli.com.co\/?page_id=544"},"modified":"2025-09-03T15:02:27","modified_gmt":"2025-09-03T20:02:27","slug":"quien-soy","status":"publish","type":"page","link":"https:\/\/pablogiordanelli.com.co\/?page_id=544","title":{"rendered":"\u00bfQUIEN SOY?"},"content":{"rendered":"\n<p><\/p>\n\n\n\n<span id=\"wp-block-themeisle-blocks-advanced-heading-7a4c1c8c\" class=\"wp-block-themeisle-blocks-advanced-heading wp-block-themeisle-blocks-advanced-heading-7a4c1c8c\" style=\"color:#000000;font-style:normal;text-transform:none\">Soy Dise\u00f1ador Industrial egresado de la Universidad Cat\u00f3lica de Pereira, aspirante a especialista en gesti\u00f3n p\u00fablica, hijo, hermano, esposo y padre de dos hermosas hijas, 8 perros y una gata<\/span>\n\n\n\n<span id=\"wp-block-themeisle-blocks-advanced-heading-1395e62b\" class=\"wp-block-themeisle-blocks-advanced-heading wp-block-themeisle-blocks-advanced-heading-1395e62b\" style=\"color:#000000;font-style:normal;text-transform:none\">De Joven, fui mesero en bares y restaurantes para pagar mis estudios y los de mi hermana, administr\u00e9 varios locales comerciales, fui gerente regional de una marca internacional de motos y accesorios, l\u00edder gremial y emprendedor.Actualmente soy concejal de Pereira, desde enero de 2016 y gracias a miles de pereiranos que depositaron su confianza en m\u00ed, Hoy son m\u00e1s de 50.000 ciudadanos los que nos siguen y apoyan en nuestra gesti\u00f3n. Me he caracterizado por ser un pol\u00edtico independiente, ejerciendo mis funciones siempre de la mano con la comunidad.\n<\/span>\n\n\n\n<p><\/p>\n","protected":false},"excerpt":{"rendered":"","protected":false},"author":1,"featured_media":0,"parent":0,"menu_order":6,"comment_status":"open","ping_status":"closed","template":"","meta":{"footnotes":""},"_links":{"self":[{"href":"https:\/\/pablogiordanelli.com.co\/index.php?rest_route=\/wp\/v2\/pages\/544"}],"collection":[{"href":"https:\/\/pablogiordanelli.com.co\/index.php?rest_route=\/wp\/v2\/pages"}],"about":[{"href":"https:\/\/pablogiordanelli.com.co\/index.php?rest_route=\/wp\/v2\/types\/page"}],"author":[{"embeddable":true,"href":"https:\/\/pablogiordanelli.com.co\/index.php?rest_route=\/wp\/v2\/users\/1"}],"replies":[{"embeddable":true,"href":"https:\/\/pablogiordanelli.com.co\/index.php?rest_route=%2Fwp%2Fv2%2Fcomments&post=544"}],"version-history":[{"count":5,"href":"https:\/\/pablogiordanelli.com.co\/index.php?rest_route=\/wp\/v2\/pages\/544\/revisions"}],"predecessor-version":[{"id":1927,"href":"https:\/\/pablogiordanelli.com.co\/index.php?rest_route=\/wp\/v2\/pages\/544\/revisions\/1927"}],"wp:attachment":[{"href":"https:\/\/pablogiordanelli.com.co\/index.php?rest_route=%2Fwp%2Fv2%2Fmedia&parent=544"}],"curies":[{"name":"wp","href":"https:\/\/api.w.org\/{rel}","templated":true}]}}